 factors of (-1)/c*-5*84?
2, 3, 7
List the prime factors of (-2 - (-2)/6)/((-60)/61524).
1709
Suppose 4*b + 8 - 16 = 0, v - 5*b - 582 = 0. Let c = -116 + v. What are the prime factors of c?
2, 7, 17
Suppose 2*t = 5*d + 15, -t + 4*d + 12 = -0*t. Let a = t + 2. Suppose -2*b + 120 = 2*x, 0*b + 2*b - a*x = 120. List the prime factors of b.
2, 3, 5
Let n = 121 - 237. Let r be n/(-10) + 14/35. Suppose 2*q + 4*j = r, q - 3*j - 22 - 9 = 0. What are the prime factors of q?
2
Let i = 13722 + -2418. What are the prime factors of i?
2, 3, 157
Let m(n) = 115*n**3 - n**2 + 6*n - 5. Let o be m(1). Let r = -41 - 8. Let f = o + r. What are the prime factors of f?
2, 3, 11
Suppose 0 = -11*n + 10*n + 92. Let u = -188 + n. Let p = 194 + u. List the prime factors of p.
2, 7
Let b(q) = 3*q + 16. Suppose 8 = -8*m + 10*m. Suppose -3*n = m*n - 140. What are the prime factors of b(n)?
2, 19
Suppose -15*q + 49 = -11. Suppose q*t - 5*f = 1926, 3*t - f - 1381 = 69. List the prime factors of t.
2, 11
Suppose -119*q = -108*q - 33. Suppose 5*u + 4*v + 0*v = 1150, 0 = -q*u + 3*v + 717. List the prime factors of u.
2, 3, 13
Let n(o) be the first derivative of 5*o**4 + o**3 + o**2 - 9*o - 64. What are the prime factors of n(2)?
167
Suppose 31*b + 7*b = 19*b + 275652. What are the prime factors of b?
2, 3, 13, 31
Let x be (-42)/(-28)*(-102)/(-9). Let o(q) = -5*q**3 - q**2 + q. Let y be o(-2). Suppose -y - x = -t. List the prime factors of t.
3, 17
Let s(w) = 39*w**2 + 11*w + 19. Let l = 159 + -162. List the prime factors of s(l).
337
List the prime factors of (6 - -4)*-1 + (1 - -40727).
2, 20359
Suppose 0 = v - 4*m - 8760, -v + 2881*m - 2885*m = -8784. List the prime factors of v.
2, 3, 17, 43
Let z = -10613 + 13481. List the prime factors of z.
2, 3, 239
Let m(f) = 300*f - 29 - 1 - 304*f + 2. What are the prime factors of m(-13)?
2, 3
Suppose 6*r = 2*r. Suppose -k + 5*i + 363 = 0, -k - 3*i = -r*i - 371. List the prime factors of k.
2, 23
Let p(j) = 3211*j**2 + 15*j - 174. List the prime factors of p(4).
2, 19, 71
Let m be (-5 + 1 - -24)*-1. Let s be (-3 + m/(-6))*-21. What are the prime factors of (-3)/(-9)*(s*18)/(-3)?
2, 7
Suppose 2889 = -4*q - 3*w + 49217, -4*q + 46332 = 2*w. List the prime factors of q.
5, 7, 331
Suppose -5*c + 8*c - 12 = 0. Suppose -2*m = -c*m + 8. Suppose -29 = -5*i - l + 18, -35 = -3*i - m*l. What are the prime factors of i?
3
Let z be (6/(-4))/(6/(-8)). Let n = -4793 - -4839. Suppose -z*j = -n - 106. What are the prime factors of j?
2, 19
Let a be -1 + (117/(-17) - (-18)/(-153)). List the prime factors of 134749/244 + (-6)/a.
7, 79
Suppose -99*n + 151423 = -356645. What are the prime factors of n?
2, 1283
What are the prime factors of 6586/6*(-720)/(-12)*(-18)/(-24)?
3, 5, 37, 89
Suppose 5*p - 4*k - 17 = 0, 13*p - 10*p = -5*k + 25. Suppose -8 = -p*z + 7*z, g = 4*z + 1710. What are the prime factors of g?
2, 7, 11
Let z = 31142 + -8463. List the prime factors of z.
22679
Let j be (1/(-1)*2)/(20/(-50)). Let q be (-2 - -4) + 3 - j. Suppose 2*t - 3*l - 148 = 0, q = -3*t + 3*l + 187 + 35. What are the prime factors of t?
2, 37
Let v be (-1 - 4)*56/(-20). Let d = 310 - 0. Suppose -4*f + d = -v. What are the prime factors of f?
3
Suppose -19 + 13 = a. Let n(r) = 9*r + 29. Let x be n(a). What are the prime factors of 7/(35/20) - x?
29
Let o(k) = -162*k - 80. Let n be o(-7). Let f = -367 + n. What are the prime factors of f?
3, 229
Let v(l) = 6*l + 41. Let r be v(-7). Let b be (-1 + r)*1*(-20)/2. Suppose 4427 = b*p - p. List the prime factors of p.
233
Let g(y) = y**2 + 10*y + 168. What are the prime factors of g(-13)?
3, 23
Suppose 0 = -13*q + 2*q - 264. List the prime factors of (1 + -7 - -9)*q/(-1).
2, 3
Suppose -4*x + 5 = -7. Suppose 0 = -x*s + 4*g + 4472, -2*s - 3*g = -505 - 2465. List the prime factors of s.
2, 3, 31
Let y(k) = 220*k**3 + 5*k**2 - 6*k + 5. Let i be y(2). Let x = -1099 + i. What are the prime factors of x?
2, 337
Let t = -66328 + 100394. List the prime factors of t.
2, 17033
Let c(v) = -2*v. Let j(m) = -1. Let a(y) = 3*c(y) + 2*j(y). Let x be a(0). List the prime factors of (x/5)/(7/(-5005)).
2, 11, 13
Suppose -123*r + 164400 = -3*r. List the prime factors of r.
2, 5, 137
Let l(m) = 2 + 3*m - 7 + 2 - 156*m**2. Let n be l(2). What are the prime factors of 4/(-10) + n/(-15)?
41
Let w(m) = 590*m - 1672. What are the prime factors of w(24)?
2, 7, 223
Suppose a = -u - 0*u + 272, u = 5*a - 1372. Suppose -4*k = 3*p - a, p - 2*k - 2*k = 102. Suppose -5*j - p = -324. What are the prime factors of j?
2, 23
Let c = 45 - 58. Let a = c - -227. Let k = a + -118. What are the prime factors of k?
2, 3
Let p = -7984 + 12418. What are the prime factors of p?
2, 3, 739
Let p(q) = 50*q**2 + 55*q - 471. What are the prime factors of p(11)?
2, 773
Let l be (6/8)/(4/(-192)). Let r = 54 + l. List the prime factors of (32/5)/(r/45).
2
Suppose -4*a = 2*k + k - 8, 5*k = -2*a + 18. Let m be -8 + 0 + k + -1. List the prime factors of m - -8 - (-134 - 3).
2, 5, 7
Suppose -3557*y + 3562*y - 12735 = 0. List the prime factors of y.
3, 283
Let f = 0 + -35. Let g = 176 + f. List the prime factors of g.
3, 47
Suppose 2*x = -5*m + 100, 2 = -3*m - 3*x + 62. Suppose 0 = 2*g - 5*p - 1150, -p = 4*p + m. List the prime factors of g.
5, 113
Let u(f) = -15*f + 8. Let z be u(-10). Suppose 0 = 2*t - z - 36. List the prime factors of t.
97
Let b be -1*((5 - 7) + 21 + 1). Let l = 30 + b. List the prime factors of (-128)/l*20/(-8).
2
Suppose 11*i + 1939 = 9331. Let q = i + -565. List the prime factors of q.
107
Suppose 15551100 = 161*m + 66*m + 106*m. List the prime factors of m.
2, 5, 467
Let h(l) = 39*l**3 - l**2. Suppose -2*w = -6*w + 4. Let s be h(w). Suppose -116 - s = -2*u. List the prime factors of u.
7, 11
Suppose 153*s = 109*s + 449020. What are the prime factors of s?
5, 13, 157
Suppose 20*a - 54*a + 322082 = 0. What are the prime factors of a?
9473
Suppose 4 = -2*f, -6*u - 401*f + 399*f + 42350 = 0. What are the prime factors of u?
3, 13, 181
Suppose -q + 6358 = -2*i, 0 = -2*q - 3*i + 4*i + 12728. Suppose q = 22*x + 998. List the prime factors of x.
2, 61
Let s = -64 - -91. Suppose -21 = -8*y + s. Suppose 2*l - 6 = y. List the prime factors of l.
2, 3
Suppose 1062855 + 121263 = 51*q. List the prime factors of q.
2, 13, 19, 47
Let j = 85 - 82. Suppose 2*w - 4*d - 514 = 0, j*d + 269 = w + 4*d. What are the prime factors of w?
5, 53
Let g = 9006 + 5773. List the prime factors of g.
14779
What are the prime factors of 1*9332 - 2504/(-313)?
2, 5, 467
Suppose -92587 = -2*b + w, -12982 = -b - 2*w + 33319. Suppose 25*f = -22*f + b. What are the prime factors of f?
5, 197
Let h be (1/(-4))/(3/(-276)) + -3. Let c = -27 + h. Let f = c + 37. What are the prime factors of f?
2, 3, 5
Let j(u) = 40*u + 112. Let g be j(9). Let p = g + -202. List the prime factors of p.
2, 3, 5
Let a = -50 + 40. Suppose -4*x = -3*x + l - 10, 4*l = x - 25. List the prime factors of 5/a*x*-4.
2, 13
Let a = 15937 - 6144. What are the prime factors of a?
7, 1399
Suppose -31 = -u - 0*u + 5*a, 5*u + 2*a - 20 = 0. List the prime factors of (u/(-12))/(1/756)*-1.
2, 3, 7
Let n be (2 - 368/(-40))/((-4)/(-30)). List the prime factors of (-222)/8*(-17)/(153/n).
7, 37
Let w(c) = c**3 + 61*c**2 - 24*c - 61. Let g(q) = -20*q**2 + 8*q + 20. Let d(f) = -7*g(f) - 2*w(f). List the prime factors of d(7).
2, 61
Suppose -109719 - 158423 + 76222 = -20*c. List the prime factors of c.
2, 2399
Let j(d) be the first derivative of -11*d**4/12 - 17*d**3/2 - d**2/2 + 5. Let w(f) be the second derivative of j(f). List the prime factors of w(-8).
5
Suppose j - 2*c = 6, 0 = -18*j + 14*j - 4*c - 24. Let k(x) = -6*x**3 - 6*x**3 - 2*x**2 + x + 2 + 2*x. List the prime factors of k(j).
2, 3, 7
List the prime factors of 43/((-1634)/(-1605880)) - (-10)/(-1).
2, 5, 13
Let h(n) = -17*n - 78. Let d be h(-3). Let b = 224 - d. What are the prime factors of b?
251
Let w = 45 - 34. Suppose -1 = w*g - 23. Suppose m = g*r + 18 + 1, -3*m + 4*r = -51. What are the prime factors of m?
13
Let b(m) = -m**2 + 10*m - 8. Let r be b(9). Let o be r/((-1)/2) - 0. Let l(h) = -51*h - 9. List the prime factors of l(o).
3, 31
Suppose 23*g + 52912 = 965483. List the prime factors of g.
11, 3607
Suppose 5*n + 5052 = n + 4*y, 2538 = -2*n - 2*y. Let x = -867 - n. What are 